{"id":55,"date":"2014-12-01T14:31:26","date_gmt":"2014-12-01T14:31:26","guid":{"rendered":"http:\/\/asn.help\/?page_id=55"},"modified":"2016-08-02T16:07:44","modified_gmt":"2016-08-02T16:07:44","slug":"eine-kleine-geschichte-der-realitaet","status":"publish","type":"page","link":"https:\/\/asn.help\/?page_id=55","title":{"rendered":"Geschichten"},"content":{"rendered":"<p style=\"text-align: center;\"><strong>Spiegelbild<\/strong><\/p>\n<p>Ein Wanderer kam an ein Stadttor. Vor dem Stadttor stand eine Bank, auf der ein alter Mann sa\u00df. Sie kamen miteinander ins Gespr\u00e4ch. Da kam ein Mann des Weges und fragte den Alten: &#8222;Wie sind die Menschen hier in der Stadt?&#8220; &#8222;Wie sind sie da, wo du herkommst?&#8220;, fragte der Alte zur\u00fcck. &#8222;Sie sind b\u00f6se, betr\u00fcgen einander, g\u00f6nnen sich gegenseitig nichts Gutes!&#8220; &#8222;So sind sie auch hier!&#8220;, erwiderte ihm der Alte.<\/p>\n<p>Kurze Zeit sp\u00e4ter kam ein anderer Mann und fragte: &#8222;Wie sind die Menschen hier in der Stadt?&#8220; &#8222;Wie sind sie da, wo du herkommst?&#8220;, fragte der Alte zur\u00fcck.<\/p>\n<p>&#8222;Sie sind freundlich, k\u00f6nnen lachen und sich freuen, sie helfen und tun einander Gutes.&#8220;<\/p>\n<p>&#8222;So sind sie auch hier!&#8220;, sagte der Alte. Der Wanderer war verdutzt. &#8222;Wie kannst du so l\u00fcgen?&#8220; fragte er. &#8222;Dem einen sagst du, sie sind gut, dem anderen, sie sind b\u00f6se?&#8220;<\/p>\n<p>&#8222;Das ist keine L\u00fcge,&#8220; sagte der Alte. Die Menschen sind \u00fcberall gleich. Je nachdem wie du eingestellt bist, was du von ihnen erwartest, das wirst du auch an ihnen wahrnehmen und sehen. Hast du da, wo du herkommst, nur das B\u00f6se gesehen, du wirst es hier auch nur sehen, hast du das Gute gesehen, du wirst es auch hier wahrnehmen.&#8220;<\/p>\n<p style=\"text-align: center;\"><em>(Verfasser unbekannt)<\/em><\/p>\n<figure id=\"attachment_657\" aria-describedby=\"caption-attachment-657\" style=\"width: 168px\" class=\"wp-caption aligncenter\"><a href=\"https:\/\/asn.help\/wp-content\/uploads\/2014\/12\/IMG_20160726_142122.jpg\"><img loading=\"lazy\" decoding=\"async\" class=\"size-medium wp-image-657\" src=\"https:\/\/asn.help\/wp-content\/uploads\/2014\/12\/IMG_20160726_142122-168x300.jpg\" alt=\"\u00a9'2016 FJM.srt\" width=\"168\" height=\"300\" srcset=\"https:\/\/asn.help\/wp-content\/uploads\/2014\/12\/IMG_20160726_142122-168x300.jpg 168w, https:\/\/asn.help\/wp-content\/uploads\/2014\/12\/IMG_20160726_142122-768x1368.jpg 768w, https:\/\/asn.help\/wp-content\/uploads\/2014\/12\/IMG_20160726_142122-575x1024.jpg 575w\" sizes=\"auto, (max-width: 168px) 100vw, 168px\" \/><\/a><figcaption id=\"caption-attachment-657\" class=\"wp-caption-text\">\u00a9&#8217;2016 FJM.srt<\/figcaption><\/figure>\n<h1 style=\"text-align: center;\"><\/h1>\n<h1 style=\"text-align: center;\">Zwei mit Namen Pierre<\/h1>\n<p><a href=\"https:\/\/asn.help\/wp-content\/uploads\/2014\/12\/DoveLeaf.gif\"><img loading=\"lazy\" decoding=\"async\" class=\"aligncenter size-full wp-image-57\" src=\"https:\/\/asn.help\/wp-content\/uploads\/2014\/12\/DoveLeaf.gif\" alt=\"DoveLeaf\" width=\"187\" height=\"205\" \/><\/a>Er hei\u00dft Pierre und ist f\u00fcnfzehn Jahre alt. Wir hatten ihn in einer H\u00fctte des tiefen afrikanischen Busches entdeckt.<br \/>\nMan hat ihn aus seinem Gymnasium herausgerissen, um ihn dorthin zu verbannen. Sein Verbrechen: die Leprakrankheit.<br \/>\nDas Urteil: Auss\u00e4tziger in alle Ewigkeit.<br \/>\nIch sehe ihn noch vor mir stehen: den Kopf stur zu Boden geneigt, die Augen fliehend, das Aussehen eines kleinen, gehetzten Tieres, und in seiner Verzweiflung hatte er das Sprechen fast g\u00e4nzlich verlernt. Man muss das wohl erlebt haben, um es glauben zu k\u00f6nnen. Erst nachdem wir lange, lange g\u00fctig mit ihm gesprochen hatten, konnten wir ihn umarmen, und erst dann erhellte ein sch\u00fcchternes L\u00e4cheln die furchtbare Nacht seines kleinen Gesichtchens.<br \/>\nEinige Wochen sp\u00e4ter schrieb er mir: \u201eSie sind sehr gut zu mir gewesen, indem sie den Entschluss fassten, mich als ihren Sohn anzunehmen. Wenn es Ihnen doch gelingen w\u00fcrde, mich an einen guten Ort zu bringen, wo ich ohne allzu gro\u00dfe Hindernisse meine Studien fortsetzen k\u00f6nnte!<br \/>\nAll meine Gedanken kreisen um dieses Problem, und all meine Tr\u00e4ume besch\u00e4ftigen sich mit Ihnen. Dank ihrer G\u00fcte jubelt meine Seele.\u201c<br \/>\nEr hei\u00dft Pierre, ist f\u00fcnfzehn Jahre alt. Er aber, Gott sei es gedankt, ist gesund und wohnt in Paris.<br \/>\nIn unserem Mitteilungsblatt hatte er die Geschichte von dem kleinen, unbekannten und so ungl\u00fccklichen Kameraden gelesen. Und er sehnte sich danach, etwas f\u00fcr ihn tun zu k\u00f6nnen\u2026 Aber seine Eltern waren selbst sehr arm\u2026 Da machte er sich an einem Sonntag auf und fuhr mit gleichaltrigen Kameraden aufs Land hinaus, und sie durchstreiften Felder und Wiesen. Er pfl\u00fcckte den ganzen Nachmittag Blumen. Und abends stellte er sich an den Stra\u00dfenrand und verkaufte sie\u2026 f\u00fcr seinen kleinen Auss\u00e4tzigen. So hat er zweihundert Franken erl\u00f6st. Aber er fand, dass das noch zu wenig sei. Er wagte nicht, sie mir zu \u00fcbersenden. Ein Freund besorgte das. Und das ist die Geschichte\u2026<br \/>\nEr hei\u00dft Pierre, ist f\u00fcnfzehn Jahre alt. Und er wei\u00df nicht einmal, dass er eine r\u00fchrende und zugleich auch eine wichtige Tat vollbrachte. Weil er Zeugnis daf\u00fcr ablegte, dass es weder die Macht noch das Geld ist, die siegen werden, sondern einzig und allein die Liebe, ohne die nichts m\u00f6glich ist. Und unser edelster Sieg ist dieser kleine Kranke in einem verlorenen Lager des afrikanischen Busches, der gl\u00fcckselig ist, weil ein anderes Kind an einem Sonntagabend auf einer Stra\u00dfe Frankreichs uns Blumen anbot\u2026<\/p>\n<p style=\"text-align: center;\"><a href=\"https:\/\/asn.help\/wp-content\/uploads\/2014\/12\/Blumen-Mu-tag-97.jpg\"><img loading=\"lazy\" decoding=\"async\" class=\"aligncenter size-full wp-image-56\" src=\"https:\/\/asn.help\/wp-content\/uploads\/2014\/12\/Blumen-Mu-tag-97.jpg\" alt=\"Blumen-Mu-tag-97\" width=\"640\" height=\"480\" srcset=\"https:\/\/asn.help\/wp-content\/uploads\/2014\/12\/Blumen-Mu-tag-97.jpg 640w, https:\/\/asn.help\/wp-content\/uploads\/2014\/12\/Blumen-Mu-tag-97-300x225.jpg 300w\" sizes=\"auto, (max-width: 640px) 100vw, 640px\" \/><\/a>(Quellenangabe: \u201eEcho aus Afrika\u201c Missionszeitschrift der Petrus Claver Schwestern)<\/p>\n","protected":false},"excerpt":{"rendered":"<p>Spiegelbild Ein Wanderer kam an ein Stadttor. Vor dem Stadttor stand eine Bank, auf der ein alter Mann sa\u00df. Sie kamen miteinander ins Gespr\u00e4ch. Da kam ein Mann des Weges und fragte den Alten: &#8222;Wie sind die Menschen hier in der Stadt?&#8220; &#8222;Wie sind sie da, wo du herkommst?&#8220;, fragte der Alte zur\u00fcck. &#8222;Sie sind &hellip; <a href=\"https:\/\/asn.help\/?page_id=55\" class=\"more-link\"><span class=\"screen-reader-text\">Geschichten<\/span> weiterlesen <span class=\"meta-nav\">&rarr;<\/span><\/a><\/p>\n","protected":false},"author":5,"featured_media":0,"parent":0,"menu_order":2,"comment_status":"open","ping_status":"closed","template":"","meta":{"footnotes":""},"class_list":["post-55","page","type-page","status-publish","hentry"],"_links":{"self":[{"href":"https:\/\/asn.help\/index.php?rest_route=\/wp\/v2\/pages\/55","targetHints":{"allow":["GET"]}}],"collection":[{"href":"https:\/\/asn.help\/index.php?rest_route=\/wp\/v2\/pages"}],"about":[{"href":"https:\/\/asn.help\/index.php?rest_route=\/wp\/v2\/types\/page"}],"author":[{"embeddable":true,"href":"https:\/\/asn.help\/index.php?rest_route=\/wp\/v2\/users\/5"}],"replies":[{"embeddable":true,"href":"https:\/\/asn.help\/index.php?rest_route=%2Fwp%2Fv2%2Fcomments&post=55"}],"version-history":[{"count":5,"href":"https:\/\/asn.help\/index.php?rest_route=\/wp\/v2\/pages\/55\/revisions"}],"predecessor-version":[{"id":660,"href":"https:\/\/asn.help\/index.php?rest_route=\/wp\/v2\/pages\/55\/revisions\/660"}],"wp:attachment":[{"href":"https:\/\/asn.help\/index.php?rest_route=%2Fwp%2Fv2%2Fmedia&parent=55"}],"curies":[{"name":"wp","href":"https:\/\/api.w.org\/{rel}","templated":true}]}}